2*n**3/3 + n**2. Suppose 30*x + 844 = 26*x. Let h = x - -207. Determine p(h).
-8
Let h be (-249)/830 + 38/120. Let u(n) be the third derivative of -h*n**5 + 1/6*n**3 + 1/24*n**6 + 0 + 0*n**4 - 7*n**2 + 0*n. Give u(-1).
-5
Suppose -4*u = -3*a - 0*u + 19, 0 = 2*a - 4*u - 14. Let f(i) be the first derivative of 2*i**2 + i + 1. Give f(a).
21
Let z(y) = y - 1. Let i(v) = 1. Let m(s) = -2*i(s) - z(s). Suppose -34 = -3*r - 22. Suppose 3*q + f + 14 = 34, q + 2 = r*f. Determine m(q).
-7
Let t(k) = -5*k**2 - 4*k - 3. Let j(w) = -35*w - 37. Let c be j(-1). Determine t(c).
-15
Let k(r) = 15*r**2 + 9*r + 11. Let n(p) = -8*p**2 - 5*p - 6. Let w(j) = 6*k(j) + 11*n(j). Calculate w(-3).
21
Let w(i) = 4*i**2 + 3*i - 1. Let k(o) = 21*o**2 + 16*o - 5. Let q(m) = 2*k(m) - 11*w(m). Suppose -9*y + 2*y + 98 = 0. Suppose -14*z - y = -21*z. Give q(z).
-9
Let b = 41 + -38. Let w(u) = -4*u**3 + 5*u**2 - 7*u + 3. Let r(x) = -5*x**3 + 5*x**2 - 8*x + 4. Let v(k) = b*r(k) - 4*w(k). Give v(4).
0
Suppose -1 = 5*o + 89. Let z = o - -23. Let h(v) = v - 1. Let g(a) = 5*a - 2. Let r(w) = g(w) - 6*h(w). Give r(z).
-1
Let n(j) = 5*j + 8. Let r(h) = 4*h + 7. Let k(a) = -2*n(a) + 3*r(a). Let x(y) = y. Let g(f) = k(f) - x(f). What is g(0)?
5
Suppose 5*z + 21 = g - 12, -2*z + 132 = 4*g. Suppose -7*w - 9 - g = 0. Let o(q) = q**3 + 6*q**2 + 4*q + 8. Give o(w).
-16
Let d = 4 - 1. Suppose -d*l = -l + 16. Let g(b) = -4*b**3 + 14*b**2 + 2*b - 13. Let a(r) = r**3 - r**2 + r + 1. Let n(u) = -5*a(u) - g(u). Calculate n(l).
0
Let k be (-2)/4 + -44*6/(-48). Let y(c) = 1 + 3*c + 8 + 0 + c**2 + k*c. Give y(-7).
2
Suppose -16*c + 90 = 10. Let o(g) = -2*g + 3 + 2*g + 2*g. Calculate o(c).
13
Let r be ((-2)/(-4))/((-9)/108). Let t(s) = -s**3 - 5*s**2 - 5*s - 3. Let b(a) = -a**3 - 5*a**2 - 5*a - 3. Let y(z) = r*b(z) + 5*t(z). Determine y(-3).
6
Let z(l) = -5 - 3*l + 2*l + 3*l. Suppose -2*u - 3*u - 4 = -3*f, -u - 2 = -f. Let h be -3 - (4 + f + -5). What is z(h)?
-15
Let o = -6 - -8. Suppose -w = -4*q + 11, 4*w - o*q + 0 - 12 = 0. Let c(v) be the second derivative of -v**3/6 + 2*v**2 - 2*v + 8. Determine c(w).
-1
Let t(r) = 2*r**3 - r**3 - 12*r**2 - 189*r + 200*r + 2. Give t(11).
2
Let y be -6 + 9 + 3/1. Let h(s) = y*s**2 - 7*s + 2 + s - 7*s**2 + 0. Give h(-6).
2
Let c(p) be the third derivative of -5*p**4/24 + p**3/2 + 16*p**2 + 2. Determine c(2).
-7
Let g(j) be the second derivative of 7*j**6/720 + j**4 + 14*j. Let a(r) be the third derivative of g(r). Calculate a(2).
14
Let p(u) = -5*u**2 + 13*u - 3. Let o(j) = 6*j**2 - 14*j + 4. Let v(n) = -6*o(n) - 7*p(n). Suppose 15*w + 124 = 34. Calculate v(w).
3
Let u(o) = -o**2 + 7*o - 1. Let k(r) = r**2 + 10*r + 15. Let h be k(-9). Suppose 0 = -3*s + 4*s - h. Give u(s).
5
Let i(z) be the third derivative of -z**5/60 + 5*z**4/24 - 7*z**3/6 - 4*z**2. Determine i(3).
-1
Let i(f) be the third derivative of -1/60*f**5 - 1/8*f**4 + 0 + 0*f - 19*f**2 + 1/3*f**3. Calculate i(-6).
-16
Let p(g) = -8*g - 68. Let n be p(-10). Let t(c) = -c**3 + 11*c**2 + 11*c + 6. Give t(n).
-6
Let p be (-5 - (-10 - -8)) + 12/3. Let b(q) = q + 4. Determine b(p).
5
Let x(z) be the second derivative of 4*z**3/3 - z**2/2 - 157*z. What is x(5)?
39
Let z = -17 + 5. Let i = -8 - z. Let n(d) = -3*d + 7*d - i - 3*d. What is n(0)?
-4
Suppose -19 = -5*f - 4. Suppose -h = -f*h + 4. Suppose h*x = 7*x. Let j(d) = -d**3 - d**2 + d + 1. Give j(x).
1
Suppose 0 = -o + 5*o + 64. Let k be (0 - -5)*(17 + o). Suppose 0 = 4*z - 12, k*z - 4*z = 2*m - 1. Let f(s) = 8*s - 2. Calculate f(m).
14
Let d(o) = -o**2 - 4*o - 2. Suppose -3*q - 2 - 1 = 0. Let g(r) = -1. Let f(i) = q*d(i) + 5*g(i). Calculate f(-5).
2
Let c(r) = -4*r**2 + 7*r**2 - 10*r**2 + 3*r + 3*r**2 + 3*r**2 - 1. What is c(2)?
1
Let d(w) = -w - 1. Let y be (8 - (-78)/(-9)) + (-16)/3. What is d(y)?
5
Let y(s) = s - 49. Let j be y(47). Let q(d) = d**3 + d**2 - 2*d. What is q(j)?
0
Let s(l) = 4*l**3 + 8*l**2 + l - 8. Let h(i) = 3*i - 35. Let o be h(12). Let y(n) = -n**3 - n**2 + 1. Let p(a) = o*s(a) + 3*y(a). Give p(-5).
-10
Let y(t) = t**3 - 4*t**2 - 2*t - 2. Let c(u) = 9*u**2 + 5*u. Let j be c(-1). Give y(j).
-10
Suppose -4*j = 7*j + 22. Let t be 16/6 + 2/(-3). Let h(a) = -1 + 1 - 3*a**2 - 2*a**3 + 2*a**t. Determine h(j).
12
Let p(d) = -2*d - 1. Suppose -2 = 2*b - 4. Suppose -b = 2*w - s, 2*w - s = 4*w + 3. Determine p(w).
1
Let j be -6 + (-17)/(17/(-6)). Let b(h) = h**3 + h - 5. Calculate b(j).
-5
Let u = -57 + 75. Let m be (4/u - 0) + (-1040)/(-180). Let o(x) = -3*x + 2. Calculate o(m).
-16
Let l(p) = -6*p**2 + 3*p + 25. Let m(o) = o**2 - o - 5. Let u(x) = 2*l(x) + 11*m(x). Determine u(-4).
-1
Let h(k) = -2 - k + 4 + 0*k. Let o be -39 + 1 + 1 + -8 + 11. Let l = -36 - o. Give h(l).
4
Let t(m) be the first derivative of -m**3/3 - 3*m**2 + 11. Calculate t(-5).
5
Let m(l) = 3*l**2 - 8*l. Suppose 0 = 2*j - 0*j - 24. Let u(a) = -j*a + 2*a**2 - 6*a**2 + 21*a + 1. Let p(o) = 5*m(o) + 4*u(o). Calculate p(-5).
-1
Let j = 39 + -48. Let l be (4 - (0 - j)) + 2. Let w(b) = b**3 + 2*b**2 - 3*b - 1. Determine w(l).
-1
Let y(q) = q + 11. Suppose -9*n + 14*n - 7 = 3*v, -n + 14 = -2*v. What is y(v)?
2
Let j(u) = -u**2 + 14*u - 10. Let m(b) = b**2 + 34*b + 158. Let v be m(-29). Determine j(v).
3
Let l(z) = -z - 2. Let r(x) = -6*x - 41. Let f be r(-27). Let c be 1/2 + f/(-22) + -2. Determine l(c).
5
Let m be (-12)/(-9) - (2912/(-24))/(-13). Let g(r) be the first derivative of -3*r**2/2 - 10*r + 1. Give g(m).
14
Let s(g) = 3*g - 4. Let v be 2/(-6) + 9/((-54)/(-32)). Suppose 12 = v*i + 4*y, -2*i = -3*i - 3*y - 2. Give s(i).
8
Let c be 51/7 - (-24)/(-84). Let v(r) = r - c*r**3 + 0*r**2 + r**2 + 4*r**3 - 3*r**2. Calculate v(1).
-4
Let q = 5 + -3. Let f(d) = d**q - 2 + 1 + 2*d + 4*d. Let x = -74 + 68. Calculate f(x).
-1
Let t(h) = -h + 6. Let f(k) = -2*k + 10. Let b(d) = 3*f(d) - 5*t(d). Give b(-10).
10
Let t(y) = 31*y**3 - 4*y**2 + 3. Suppose 84*z - 91*z = 28. Let v(d) = -d**2 + 1. Let l(s) = z*v(s) + t(s). What is l(-1)?
-32
Suppose 2 - 8 = -2*t. Suppose 6 - 9 = -q. Let u(v) = -3*v**2 - 1 + v**q - 2*v**2 + v + 0 + 2*v. Determine u(t).
-10
Suppose 8*r + 8 = -4*n + 4*r, 2*n - 3*r = -14. Let m(b) = b - 3. What is m(n)?
-7
Suppose 3*m - 35 = -29. Let y(d) = -d**2 + 2*d - 5. Let p(z) = 3*z**2 - 6*z + 14. Let h(k) = -3*p(k) - 8*y(k). Calculate h(m).
-2
Let p(w) = 13*w. Let u(c) = 18*c - 1. Let h(i) = 5*p(i) - 4*u(i). What is h(-2)?
18
Let d(x) = -10*x + 4. Let v(h) = h. Let b(s) = d(s) + 3*v(s). Let u(m) = -48 + 3*m - 43 + 89. Let y(t) = 2*b(t) + 5*u(t). Give y(-3).
-5
Let u = -35 - -39. Let i = -10 + 13. Suppose 0 = i*c - u*n + 2*n + 21, -n + 3 = 0. Let b(g) = 2*g - 4. What is b(c)?
-14
Let p be (288/(-360))/(0 + (-2)/(-10)). Let g(a) = a**2 + 4*a + 5. Determine g(p).
5
Let m be (-1)/3 - (-98)/42. Let o(k) = -3 - 182*k**m + 181*k**2 + 2. Let i be (-6)/(-4)*(-2)/(-3). What is o(i)?
-2
Let h(o) = 11*o**2 + 12*o + 2. Let g(i) = 28*i**2 + 23*i + 3. Let j(y) = 2*g(y) - 5*h(y). Determine j(11).
-37
Let m(l) be the second derivative of l**4/24 + l**3/2 + 35*l**2/2 - 27*l. Let v(b) be the first derivative of m(b). What is v(5)?
8
Let t(v) = -v**3 + 2. Let f(b) = -b**2 - 9*b - 11. Let l = -14 - -9. Let r be f(l). Suppose 5*p = z - 15, -p + r = -5*z - 4*p. Calculate t(z).
2
Let g(a) = -2 - 5*a - a**2 + 6 - 2*a. Suppose -18 = -4*h + u - 2*u, -4*u = 2*h - 2. Let m = -1 - h. Give g(m).
10
Let s(n) = -n**2 - 17*n + 6 + 12*n + 2. Let q be -3 - (-1 + 8/4 + 1). Let l(w) = w**3 + 3*w**2 - 9*w - 1. Let a be l(q). Calculate s(a).
2
Let r(h) = -h**3 - 4*h**2 + 4*h - 3. Let j be r(-5). Let z(p) = -4*p - 6 - 11*p**j + 0*p - p**3 + 18*p**2. Determine z(6).
6
Let i(y) = y**3 + 9*y**2 + 20*y + 14. Let m be i(-6). Let u(q) be the first derivative of -4/3*q**3 + 1/4*q**4 + q**m + q - 2. What is u(3)?
-2
Let f(l) be the second derivative of -l**6/120 - l**5/60 - l**4/24 + l**3/6 + 9*l**2/2 + 7*l. Let t(g) be the first derivative of f(g). Determine t(-2).
7
Let h(j) be the first derivative of j**4/4 + 4*j**3/3 + 3*j**2 + 9*j - 620. Give h(-4).
-15
Let k(d) be the first derivative of d**5/20 - d**3/6 + 33*d**2/2 + 19. Let h(w) be the second derivative of k(w). Calculate h(1).
2
Let z(h) = -h**2 + 12*h - 12. Let o(u) = -6*u**2 + 24*u - 16. Let v be o(2). What is z(v)?
20
Let s(w) = w**3 + 3*w**2 - 5*w + 5. Sup